 513*y + 4119. Let l be j(-8). Determine d(l).
2
Let u(o) be the third derivative of o**5/60 - 5*o**4/24 + 5*o**3/6 - o**2. Let x = -11097 - -11103. Calculate u(x).
11
Let s(j) = -3*j**2 - 38*j + 17. Suppose 0 = 9*g - 10*g - 4*l - 33, 0 = 2*g + 5*l + 51. Determine s(g).
4
Let d = 59 + -64. Let i(v) = -218 - 6*v + 116 + 107. What is i(d)?
35
Let s(m) = 2*m + 21. Let v(x) be the first derivative of 3*x**4/4 + 2*x**3/3 - x**2/2 + 23. Let y be v(-2). Give s(y).
-7
Suppose 2*h - 17 + 1 = -5*x, -5*x - 2 = -4*h. Let s(y) = -2*y + x - 12*y + 11*y. What is s(2)?
-4
Suppose 0 = 2*j - 0*j + 12. Let g(i) be the second derivative of -i**5/20 - i**4/2 + 2*i**2 + 46563*i. Determine g(j).
4
Let k(f) = -f**3 + 4*f**2 - f + 7. Suppose -5*g - 5*v - 7 = 3, -2*v = 4. Let o be (((-100)/(-5))/(-4))/(g - 1). Calculate k(o).
-23
Suppose -2*c - 9 = -5*q, -5*q + 5 = 5*c - 25. Let k(d) = -d + 12. Let f be k(5). Let o(g) = -4*g + 59*g**2 - 58*g**2 + 4*g - f*g + 3. Calculate o(q).
-9
Suppose 0 = 2*p + j + 4*j + 6, -25 = -3*p + j. Let o(a) = 3*a + 4. Let w(m) = -m - 2. Let l(k) = p*w(k) + 3*o(k). Suppose 0 = -11*b + 56 - 78. Calculate l(b).
-6
Let t(y) = 2*y**2 + 2*y - 4. Let h(o) = o**3 + 15*o**2 + 7*o + 14. Let v be h(-9). Let z = v - 440. Calculate t(z).
8
Let q(z) = z**2 + 14*z + 9. Let g be q(4). Let h be g/9*(-2)/(-6) + 3. Let k(d) = -6*d + d + 4*d - 4. What is k(h)?
-10
Let h(q) = q + 2. Let x(m) = 9*m + 9. Let k(i) = -3*h(i) + x(i). Let t(p) = 5*p + 4. Let w(y) = 6*k(y) - 7*t(y). Determine w(15).
5
Let x = 66 + -96. Let j = 44 + x. Suppose -13*l + j*l + 5 = 0. Let g(p) = -p**3 - 6*p**2 - 3*p + 3. What is g(l)?
-7
Let i(u) be the third derivative of u**6/120 + 7*u**5/60 + u**4 - 5*u**3/6 + 3*u**2 + 539*u. What is i(-5)?
-75
Let d(g) be the first derivative of 5*g**3/3 + 9*g**2/2 + 2*g - 38. Let w(r) = r**2 + 2*r + 1. Let z(m) = -d(m) + 6*w(m). Calculate z(-3).
4
Let q = 16 + -27. Let g(b) be the first derivative of -b**4/4 - 11*b**3/3 - 11*b - 20541. Calculate g(q).
-11
Let n(i) = -8*i**2 + 3*i + 1. Let x(z) = -z**2 - 3*z + 30. Let t be x(4). Calculate n(t).
-25
Let b be (4/5)/(-3*3/(-45)). Let p(u) = -2 - 4*u - u + b*u + 0*u. Determine p(-6).
4
Let w(c) = -c. Let h(p) = 4 + 22*p + p**2 - 41*p + 18*p. Let u(n) = -h(n) - 5*w(n). Suppose -5*d + i + 21 = 0, 7*i + 4 = 4*d + 3*i. Determine u(d).
1
Let n(u) = -43*u - 273 + 91*u + 268. What is n(1)?
43
Let c(t) = 127*t - 384. Suppose -65 = -9*i - 83 + 45. What is c(i)?
-3
Suppose 5*m + 0 - 10 = 0. Let t(p) = 8*p**2 + 3 + p + p**3 - 20*p**m + 0 + 15*p**2. Calculate t(-3).
0
Let r(d) = 15*d + 705*d**2 - 8*d - 700*d**2 + 2. Give r(-3).
26
Let j(q) be the first derivative of -q**2 - 21*q + 1192. What is j(0)?
-21
Let q = -168 + 160. Let h be (12/(-4))/(12/q). Let n(a) = -4*a**2 + 5*a - 4. Give n(h).
-10
Let g = -508 - -503. Let c(x) = -13*x**2 - 15*x + 12. Let f(y) = -5*y**2 - 7*y + 6. Let m(r) = g*f(r) + 2*c(r). Give m(4).
-2
Let q(z) be the third derivative of z**2 + 1/4*z**4 - 1/2*z**3 - 1/60*z**5 + 0 - 2*z. What is q(7)?
-10
Let q(l) = -9*l**2 - 25*l - 9. Let a(b) = -4*b**2 - 12*b - 4. Let r(f) = -13*a(f) + 6*q(f). Let w be 6/(-14) - 810/315. Let s = 1 - w. Give r(s).
-10
Let h(i) be the third derivative of -i**6/120 + 7*i**5/60 + i**4/6 - 11*i**3/3 + i**2. Let a(j) = -j**3 - 3*j**2 + 124*j - 137. Let y be a(9). Calculate h(y).
6
Let s(g) = -35*g**3 - 34*g**3 + 21*g - 4*g**2 + 98*g**3 - 28*g**3 - 6 - 5*g**2. Give s(6).
12
Let t be 6/(((-10)/15)/(2/3)). Let j(w) = -315 - w + 0*w - 2*w + 299. What is j(t)?
2
Suppose 0 = g, -4*k = 3*g - 28 + 8. Suppose 7 = 2*m - 5*i, 0*i - 3*i + 3 = 0. Let w(c) = -2*c**2 - 2*c**2 + 5*c**2 + 13 - m*c - 6. What is w(k)?
2
Let o(p) = 7*p - 48. Let k = 26486 + -26479. What is o(k)?
1
Let g = -8432 - -8436. Let b(u) = -u + 3. What is b(g)?
-1
Let i(x) be the first derivative of 5*x**2/2 - 125*x - 56. Let b be i(25). Let t(g) = -g - 9. What is t(b)?
-9
Let h(t) = 6*t**2 + 19*t + 19. Let f be h(-2). Let v(s) = -s**3 + 14*s**2 - 48*s + 14. Let q be v(f). Let g(d) = -6*d**2 + 1 - d + 2*d + 0*d. Calculate g(q).
-6
Suppose 323*c = -50*c - 7833. Let l(i) = -i**2 - 12*i + 68. Calculate l(c).
-121
Let r(z) = -2*z**3 + 3*z**2 - 6. Let g = 4705 - 4705. What is r(g)?
-6
Let f(j) = 3*j**2 + 3*j - 6. Let a(q) = -6*q**2 - 11*q + 8. Let u(n) = 3*a(n) + 5*f(n). Calculate u(-6).
-6
Let m(g) = -11*g**3 - g**2 + 1. Suppose 25 = 4*b + 4*a + a, 3 = 3*a. Suppose 0 = 2*n - b*j + 23, j = 4*n + 11 + 8. Let w be 3*((-55)/(-15) + n). Determine m(w).
11
Let q(w) = -w**2 + 3*w + 5. Suppose 3*u + 2*t - 6*t + 61 = 0, -2*u + 4*t - 42 = 0. Let b = 23 + u. Suppose 0 = -b*f + 5*f - 6. Determine q(f).
-13
Let q be ((42/4)/7)/((-795)/(-1060)). Let g(r) be the first derivative of -r**4/4 + r**3/3 + r**2 - 3*r + 1. Give g(q).
-3
Let v(p) = -1. Let q(s) = 24*s. Let g(k) = q(k) - 16*v(k). Let c(i) = 16*i + 11. Let b(w) = 7*c(w) - 5*g(w). What is b(-2)?
13
Let x = -73 + 96. Suppose x = 14*l - 89. Let i(n) = -1. Let v(p) = p - 11. Let t(j) = -6*i(j) + v(j). Calculate t(l).
3
Let l(b) be the first derivative of -148 - 1/2*b**2 + 2*b + 2/3*b**3. Suppose 2*r = 3*r + 2. Determine l(r).
12
Let z(f) = f**2 + 5*f - 20. Suppose 16*m + 8750 - 8574 = 0. What is z(m)?
46
Let f(l) be the second derivative of -104 + 1/6*l**3 + 2*l + 1/2*l**2. Let x be 0/1 + 0/2. Determine f(x).
1
Let x(w) be the second derivative of w**3/3 + 20*w**2 - 5128*w. Determine x(-16).
8
Let k(a) = -2*a + 7*a + 6*a + 2465 - 2464 - 4*a + 2*a**2. Calculate k(6).
115
Suppose 20 = 19*m - 14*m. Let t(f) be the first derivative of 1/4*f**4 - 4/3*f**3 + 35 + 3*f - 3/2*f**2. Give t(m).
-9
Let r = -33 - -31. Let z(p) = -p**2 + 11*p - 9. Let a(q) = 5*q - 4. Let k(o) = r*z(o) + 5*a(o). Suppose -6*c + 3 = -7*c. Calculate k(c).
7
Let s(o) = 5*o + 7. Let x be 22/165 - (-146)/30. Suppose -d + x = -2*b, -4*b + b = -2*d + 6. Let w(n) = -6*n - 8. Let j(h) = d*s(h) - 2*w(h). Calculate j(-4).
7
Let q(t) = 237*t**2 + 9 - 242*t**2 - 10. Let r = 6 + -16. Let v = r + 9. Calculate q(v).
-6
Let j = -31 - -33. Let f(s) = 17*s + 57. Let x(g) = -34*g - 134. Let u(k) = 7*f(k) + 3*x(k). Give u(j).
31
Let g(i) = i**2 - 179*i + 358*i - 178*i - 2 - 22. What is g(-6)?
6
Suppose 32 + 68 = 4*n. Let k = -19 + n. Let q(b) be the third derivative of b**6/120 - b**5/10 - b**4/12 + 7*b**3/6 - 2*b**2. What is q(k)?
-5
Suppose 9*z - 17400 = -17274. Let l(u) = -u + 50. Determine l(z).
36
Let k(w) = -w**3 - 4*w**2 - 12*w - 7. Let n be k(-2). Let b(r) = -r + 8. What is b(n)?
-1
Let h(f) = -47*f + 10*f + 3*f + 15*f + f**2. Determine h(19).
0
Let t(w) = -w + 3. Suppose 966*y - 962*y = -4. Calculate t(y).
4
Suppose 6*c + 11 = 41. Let f(g) = g**3 - g**2 - 1. Let k(r) = -6*r**3 + 16*r**2 - 10*r + 19. Let z(t) = c*f(t) + k(t). Determine z(10).
14
Let o(l) = 2*l + 4. Let a = -290 - -396. Suppose 27*z + a + 29 = 0. Determine o(z).
-6
Let h = 1252 + -2025. Let z = -781 - h. Let c(g) = -g. Determine c(z).
8
Let q be 99/21 + 12/42. Let z = 59 - 56. Let y(v) = -v - 7. Let j(s) = -2*s - 8. Let t(u) = z*j(u) - 4*y(u). Calculate t(q).
-6
Let w(m) be the second derivative of -m**6/360 - m**5/120 + 5*m**4/12 + 6*m**3 - 4*m - 1. Let p(g) be the second derivative of w(g). Give p(0).
10
Let j(m) = 3*m + 8. Let u be (-16)/(-6)*(-918)/408. Give j(u).
-10
Let z be ((-20)/15 - -2)*6/8*2. Let b(t) = 3*t**2 + 5*t + 7. Let y(k) = 3*k**2 - 2*k**2 - 4*k**2 - 4*k - 6. Let r(d) = 5*b(d) + 6*y(d). Determine r(z).
-3
Suppose -9*y + 13 = -5. Suppose -3*d + 7 = -y*d. Suppose d*l = 6*l - 4. Let n(k) = k**3 + 4*k**2 - k - 2. Calculate n(l).
2
Let a(t) = 26*t**2 + 35*t + 366. Let g(l) = -9*l**2 - 12*l - 122. Let k(s) = 6*a(s) + 17*g(s). Let o(i) be the first derivative of k(i). Calculate o(-4).
-18
Let k = 28 - -2. Suppose g - 26 + k = 0. Let h(s) = 4*s - 27. Let a(p) = -3*p + 19. Let n(y) = -7*a(y) - 5*h(y). Calculate n(g).
-2
Let d = -9656 - -9656. Let z(p) be the second derivative of p**5/120 + p**4/8 - p**3/6 - p. Let l(a) be the second derivative of z(a). Determine l(d).
3
Let u(l) = -l**2 - 16*l + 49. Let t = 9046 - 9064. Determine u(t).
13
Let u = -142 - -144. Let z(w) = -31*w - 3 - 3*w**u + 71*w + 0*w**2 - w**3 - 37*w. Suppose -6 = n - 2. Determine z(n).
1
Let y(g) = -g**2 + 9*g + 6. Let b(c) = 2*c**3 + 20*c**2 - c - 8. Let s be b(-10). Suppose -25 =